t c(z) be the first derivative of z**2/2 + 2*z + 5. Calculate c(8).
10
Let k(z) = -3*z**2 - 2*z + 7. Let c(v) = 7*v**2 + 4*v - 15. Suppose 11 = -w + 6. Let a(o) = w*k(o) - 2*c(o). Calculate a(-5).
10
Let x(n) = 3*n**3 - 2*n**3 - n**2 - 12*n + 13*n. Suppose -6*k - 5 = -k. Let j = k - -2. Determine x(j).
1
Let f(g) = g + 1. Let s(n) = 3*n + 6. Let m(z) = -6*f(z) + s(z). Determine m(2).
-6
Let w(t) = 16*t**2 + 5 - 10*t**2 - 7*t**2. Determine w(4).
-11
Let k be (-14)/(-3) + (-2)/(-6). Let i(r) = -3*r**2 - 5*r - r**3 + k*r - r. Let s be ((-2)/(-3))/((-28)/12 + 2). Determine i(s).
-2
Let w = 24 - 7. Let u = w - 12. Suppose -u*j + 2*v + 3 = v, -j = 4*v - 9. Let i(a) = a. What is i(j)?
1
Let q(t) = -t**2 + 7*t - 9. Let u be q(6). Suppose -3*s = 2*p - 5 + 2, 5*p + 5*s = 15. Let w(h) = 5 - p*h - 2 - 2*h**2 + 3*h. Determine w(u).
-6
Let l(z) = 5*z**3 + 6*z**2 + 9. Let r(h) = -4*h**3 - 5*h**2 - 8. Let k(q) = -5*l(q) - 6*r(q). Let d(i) = i - 5. Let s be d(5). What is k(s)?
3
Let c(j) = 6*j**2 - j - 4. Let l(v) = v**2 - 1. Let d(q) = -c(q) + 3*l(q). Let u(h) = -7*h**2 + 2*h + 2. Let x(y) = 5*d(y) - 2*u(y). Give x(4).
-11
Let l(d) = d**3 - 3*d**2 - 5*d + 4. Suppose 5*v = -8 - 7. Let w = 5 + v. Let h be 2 - (4 + w)/(-3). What is l(h)?
0
Let m be 2/(0 - 2)*1. Let f(r) = 3*r**2 + r + 1. Let z be f(m). Let u(i) = -17*i + 1 + 5*i + 2*i + 8*i. Give u(z).
-5
Let p = -1 - -3. Let u(v) be the first derivative of v**3/3 + v**2/2 - v - 2. Determine u(p).
5
Suppose -6*o = -o - 2*q + 12, 0 = o + 3*q + 16. Let t(b) = b + 1. Determine t(o).
-3
Let w(j) be the second derivative of -j**5/20 + j**4/3 + 5*j**2/2 + 2*j. Determine w(4).
5
Let j(k) = 8*k**2 - 18*k**2 - 2*k + k. Give j(1).
-11
Let n(g) = -2*g + 4. Suppose -5*b + 10 = 4*o, 4*b - o = -11 + 40. Determine n(b).
-8
Let h(j) = -9*j**2 - 2*j + 1. Suppose 2*b = 3*k - 0 + 3, 0 = -4*k - 4*b + 16. Give h(k).
-10
Let t(c) = -5*c**3 - 21*c**2 + 5*c + 14. Let v(z) = -3*z**3 - 11*z**2 + 3*z + 7. Let a(w) = 4*t(w) - 7*v(w). Determine a(7).
0
Let l(c) be the first derivative of c**3/3 + 2*c**2 - 5*c - 4. Let i(q) = -5*q**3 + q**2 - 1. Let u be i(-1). Suppose 0 = u*d + 28 - 3. Give l(d).
0
Let c = -15 + 48. Suppose 12 = 4*b + 4*s, -5*b + 9 = -4*s - c. Let i(v) = -v**3 + 7*v**2 - 7*v + 7. Give i(b).
1
Let a(n) = -2*n**3 - 4*n**2. Let y(f) = -f**3 - 6*f**2 + 5*f - 17. Let i be y(-7). Calculate a(i).
18
Suppose 3*b - 7 = -l, -8*l - 4*b - 9 = -3*l. Let i(x) be the second derivative of x**3/6 - 5*x**2/2 - 5*x. Give i(l).
-10
Let p(y) = -y**2 - 8*y - 1. Let a = -76 + 71. What is p(a)?
14
Suppose 2*f = -5 + 1. Let o(h) be the second derivative of h**7/420 + h**6/120 + h**3/3 - h. Let v(a) be the second derivative of o(a). What is v(f)?
-4
Let u(v) = v**2 + 2*v. Let g = -20 + 18. Calculate u(g).
0
Let n(m) = -6*m. Let o(k) = k**3 - 10*k**2 + 22*k - 6. Let y be o(7). Give n(y).
-6
Let g(k) = 5*k**2 - 2*k + 2. Let r be g(1). Let c(l) = l**3 - 6*l**2 + 2*l + 6. Determine c(r).
-9
Let h be (-3)/(-1)*1 + -1. Let p(r) = -3*r**3 + 1 - 3 + 0*r**2 - 2*r + r**3 + 4*r**2. What is p(h)?
-6
Let g(y) be the first derivative of -7*y**2/2 - 3*y + 8. What is g(-3)?
18
Let w = -16 + 23. Let y(d) be the first derivative of -d**4/4 + 8*d**3/3 - 7*d**2/2 + 5*d + 2. Determine y(w).
5
Let g(b) = -b**3 - 7*b**2 - 8*b - 4. Let v be g(-6). Let p(t) = t**2 - 9*t + 8. Determine p(v).
0
Let i(a) = 3 + 3*a + 1 + 0 - 4*a. Let u = 10 + -15. Calculate i(u).
9
Let a = -13 + 25. Suppose 0*x = -2*x + a. Let h(r) = -r - 5. Determine h(x).
-11
Let u(l) = l + 3. Let o = -6 - -9. Let v be (-3)/((o/(-1))/(-3)). Give u(v).
0
Suppose h = -4*n + 13, n - 4*n + 5*h = -27. Let f = -7 + n. Let s(o) = -o**3 - 3*o**2 + 2. What is s(f)?
2
Let b be 1/((-4)/(-52) - 0). Let g = b + -19. Let f(z) = -z**2 - 5*z + 1. Determine f(g).
-5
Suppose -2*q - 2 = -4, -3*j + 12 = 3*q. Let a = 4 + -1. Let v(m) = m - 2*m**j + 2*m**2 - a*m**2 + 1 + 2*m**2. Give v(-1).
3
Let r(u) = 3. Let f(a) = -a + 3. Let m(i) = -i + 4. Let n(d) = 7*f(d) - 6*m(d). Let x(w) = 4*n(w) + 3*r(w). What is x(-2)?
5
Let m(k) = 3*k**2 + 2*k - 3. Let f(q) = -7*q**2 - 4*q + 7. Let v(l) = 2*f(l) + 5*m(l). Let b(u) = -u. Let a be b(4). Calculate v(a).
7
Let i be 6 - 1 - (2 - 1). Let o(j) be the third derivative of -i*j**2 + 0 + 0*j + 0*j**3 - 1/6*j**4. Calculate o(2).
-8
Let j(h) = 2*h**2 - 1. Let z(k) = 5*k**2 + 4*k + 1. Let i(x) = -2*j(x) + z(x). Suppose 0 = 5*w - 3*p + 36, -5*p = 5*w + 16 + 4. What is i(w)?
15
Let c(k) = 2*k - 5. Let j be c(7). Let b(o) = -o - 2. Let t be b(j). Let m = 6 + t. Let g(u) = u**3 + 6*u**2 + 5*u - 2. Calculate g(m).
-2
Let s be (-4)/(-6) - 14/(-6). Let k(i) = i**3 + 5*i - 7. Let v(a) = 2*a**3 - a**2 + 6*a - 9. Let b(p) = 3*k(p) - 2*v(p). Determine b(s).
-3
Let m(c) = 5*c - 8. Let b(p) = -3*p + 4. Let h(o) = -7*b(o) - 4*m(o). Calculate h(-6).
-2
Let k(r) = 2*r**2 - 2 - r**2 - 2*r - 1. Suppose 9*b - 336 = -300. Calculate k(b).
5
Let v(w) = 3*w**3 - 4*w**2 - w - 6. Let y(l) = l**3 + l**2 - 1. Let z(u) = -v(u) + 2*y(u). Suppose 4*s = 22 + 2. Determine z(s).
10
Let h(b) = b**2 - 2*b - 2. Let x(n) = -n**2 + n + 1. Let f(z) = h(z) + 2*x(z). Give f(-3).
-9
Let g(t) = 5 - 5 - t + 2 - 3. Give g(6).
-7
Let w(u) = -u**3 + 4*u**2 + u + 5. Let t(k) = -2*k + 2. Let m(g) = -4*g + 3. Let j(b) = -2*m(b) + 5*t(b). Let q be j(0). Calculate w(q).
9
Let a(n) = -n**2 + 2*n + 4. Let h(g) = -g - 9. Let i be h(-8). Let f = i + 5. Determine a(f).
-4
Let j(l) = l**2 - 3*l - 1. Let d(c) = -3*c**2 + 4*c - 2. Let y be d(4). Let z = y + 52. Suppose r - 4*s + z = 3*r, 3*r - 5*s + 6 = 0. Determine j(r).
-1
Let b be -6*1/(-6)*3. Let q(y) be the first derivative of -b - 1/3*y**3 + 0*y + 0*y**2 - 3/4*y**4. What is q(-1)?
2
Let z(k) = -3*k - 1. Let m(y) = 5*y + 97. Let t be m(-19). Determine z(t).
-7
Let x(n) = -n**3 - 2*n**2 + 2*n + 3. Let s(v) = 20*v**2 + v - 1. Let q be s(1). Suppose 2*f + 2*z = -2*z - 26, -5*f - q = z. Calculate x(f).
6
Let l(h) = -h - 1. Let a be l(-7). Let f be (-9)/a*4/(-3). Let c(p) = 3*p**2. Calculate c(f).
12
Let i(d) = d - 8. Let n be i(13). Let h(y) = -y**2 + 4*y - 5. Calculate h(n).
-10
Let d(p) = 0*p + 3 + 2*p + 0*p + p**2 - p. Determine d(-3).
9
Suppose f + 3 = 5*h - 43, 0 = 4*h + 4*f - 32. Let x(z) = -6*z - 2. Let o(m) = 34*m - 21*m - 2 - 1 + 8. Let t(n) = h*x(n) + 4*o(n). Determine t(4).
-6
Suppose 2*p - 3 = 1. Let z(n) = 4*n**3 + n - 2*n**2 - 3*n**3 + n**p. Calculate z(2).
6
Let p(r) = r**3 - 6*r**2 - r - 7. Let m(h) = -h**3 + 6*h**2 + 6. Let w(y) = 6*m(y) + 5*p(y). Let k(z) = z**3 - 7*z**2 + 2*z - 9. Let d be k(7). Give w(d).
1
Let u(f) be the third derivative of f**4/24 - 2*f**3 + f**2. Let r = -12 + 17. Calculate u(r).
-7
Let r = -90 + 83. Let v(t) = -t**3 - 6*t**2 + 8*t + 7. Determine v(r).
0
Let p(m) be the first derivative of m**2 - m - 42. Calculate p(3).
5
Suppose 0 = t + 2*t - 39. Let j = 19 - t. Let m(g) = -g**3 + 5*g**2 + 9*g - 5. Calculate m(j).
13
Let v = 39 + -38. Let y(k) = 2*k**2 + 2*k - 6. Let q(g) = -1. Let c(x) = -5*q(x) + y(x). Determine c(v).
3
Let v(i) = 10*i + 7 - 2*i + i**3 + 0*i**3 + 7*i**2 + i. What is v(-6)?
-11
Let v(z) be the first derivative of 4*z**3/3 + 2*z - 1. Let g(q) be the first derivative of v(q). Calculate g(-1).
-8
Let n(g) be the first derivative of -g**3/3 + g**2/2 + 5*g + 10. Let z = -3 + 6. Suppose -z*u = -u. What is n(u)?
5
Let d(u) = -3*u - 3 - 6 - 4*u + 2*u**2 + 1. Let j(k) = -4*k**2 + 16*k - 3*k + 9 + 6. Let h(x) = -11*d(x) - 6*j(x). What is h(2)?
4
Let d be (-168)/15 + 1/5. Let a = d - -16. Let q(y) = 2*y - y**2 + 2*y + a - 2*y. Give q(4).
-3
Let y(p) = 4*p**3 + 2*p**2 + 2*p + 1. Let d = 119 - 120. Determine y(d).
-3
Let f(n) be the second derivative of 0 + 5/12*n**4 - 1/20*n**5 + n + 3/2*n**2 - 1/3*n**3. Let m be 2 - (-2 + (2 - 3)). Calculate f(m).
-7
Suppose 26 = 3*x + 17. Let d(v) be the second derivative of 1/2*v**2 + 1/6*v**4 - 2*v + 0 + 0*v**x. Give d(-1).
3
Suppose 0*r + 3*r + 30 = -5*t, -3*t = 3*r + 18. Let g(b) = -2*b - 5. What is g(t)?
7
Let n = -1 + 0. Let p(d) = -11*d + 1. Give p(n).
12
Let i(h) = -h**2 + 7*h - 3. Suppose -c - 12 = -4*k + 5, -3*k = -2*c - 9. What is i(k)?
7
Let t(c) = -c**2 + 4*c + 4. Let v be t(3). Let l(q) = -4 - 16*q + 2 + 17*q. What is l(v)?
5
Let f(z) be the first derivative of -z**3/3 + 9*z**2/2 + 5*z - 21. Determine f(9)